2680470497 prime?
False
Is 3538013753 a prime number?
True
Is 41748483937 a composite number?
True
Is 118668793 prime?
False
Is 103833007651 a prime number?
False
Is 13694105119 a composite number?
True
Is 99598611221 prime?
True
Is 9755344657 a prime number?
False
Is 29922501673 composite?
False
Is 212448127 a prime number?
False
Is 79957123 prime?
True
Is 903021709 a composite number?
True
Is 1298813683 a composite number?
False
Is 88261963 prime?
True
Is 357349139 a composite number?
True
Is 25183573871 prime?
False
Is 3135896191 a composite number?
True
Is 65548169 a composite number?
False
Is 17452879451 prime?
False
Is 50258698921 a prime number?
False
Is 1040971709 a prime number?
True
Is 38622889 a prime number?
True
Is 74248394183 prime?
False
Is 496275541 a composite number?
True
Is 6865054499 a prime number?
False
Is 1015014943 composite?
False
Is 43503548161 composite?
True
Is 3209724263 a prime number?
False
Is 323545279 a prime number?
False
Is 3736943447 composite?
True
Is 2833405829 a prime number?
True
Is 26096673035 a composite number?
True
Is 1000808579 prime?
True
Is 135986495591 a prime number?
False
Is 35327319178 prime?
False
Is 18140829737 a composite number?
True
Is 3436937279 a prime number?
True
Is 1414787341 a prime number?
False
Is 6829227397 composite?
False
Is 5986344751 prime?
True
Is 16196539363 composite?
False
Is 18958729 a prime number?
True
Is 8621745191 a composite number?
True
Is 1205863693 prime?
False
Is 70222034153 a composite number?
False
Is 5446723411 a composite number?
False
Is 1601195329 a composite number?
False
Is 5893778897 a prime number?
False
Is 180143334049 a prime number?
False
Is 43871857 a composite number?
False
Is 1106865559 a composite number?
False
Is 70705748963 a composite number?
True
Is 484598671 a composite number?
True
Is 716953141 a composite number?
False
Is 64499599 prime?
True
Is 1052118646 a composite number?
True
Is 13546119047 prime?
True
Is 27188140979 prime?
True
Is 25754560679 prime?
True
Is 5968698949 prime?
False
Is 18503596721 composite?
True
Is 4222808419 composite?
False
Is 1018238269 prime?
True
Is 1056708493 a prime number?
False
Is 57464579461 prime?
True
Is 6712745597 prime?
True
Is 2272846639 a composite number?
True
Is 2926100839 prime?
True
Is 97774840697 a composite number?
False
Is 3396728693 a prime number?
True
Is 1755236515 a composite number?
True
Is 16274569 a prime number?
True
Is 6184435099 a prime number?
False
Is 12014159359 a prime number?
True
Is 10827540791 composite?
True
Is 1137225223 a prime number?
False
Is 1172296942 prime?
False
Is 321190381 composite?
True
Is 11152169279 a composite number?
False
Is 144764456513 composite?
False
Is 92013195671 a composite number?
False
Is 746369353 a prime number?
False
Is 70262549801 a prime number?
True
Is 1822588801 a composite number?
True
Is 3422705383 a prime number?
False
Is 13951842661 prime?
True
Is 1405793999 a prime number?
True
Is 18576127519 a prime number?
False
Is 641422857 a composite number?
True
Is 6607221829 a composite number?
True
Is 365378411 composite?
False
Is 87207439367 a prime number?
True
Is 870747307 prime?
False
Is 17633068361 composite?
True
Is 437102683 composite?
True
Is 29969656291 a composite number?
False
Is 1808560597 prime?
True
Is 12515123419 a composite number?
False
Is 254092051 composite?
False
Is 1237019789 a prime number?
True
Is 591448843 a composite number?
False
Is 31411932947 a prime number?
True
Is 3865310751 a prime number?
False
Is 307141729 prime?
True
Is 2031654019 composite?
False
Is 6569132797 prime?
False
Is 3429389053 prime?
False
Is 21172120573 a prime number?
False
Is 11732423799 a composite number?
True
Is 37223520131 a composite number?
True
Is 19251625849 a composite number?
False
Is 48554843 prime?
False
Is 1450619441 a composite number?
False
Is 10576080701 a composite number?
False
Is 3582075193 a prime number?
True
Is 27319694867 a prime number?
True
Is 21552484865 prime?
False
Is 833095547 a composite number?
False
Is 2329247083 a prime number?
False
Is 30049788359 a prime number?
True
Is 4226213729 a prime number?
False
Is 21994907945 prime?
False
Is 413131853 a composite number?
True
Is 7628308541 a prime number?
False
Is 2671053163 a composite number?
False
Is 2861591093 composite?
False
Is 3398544623 a prime number?
True
Is 261608323 prime?
True
Is 3208506211 composite?
False
Is 1601996251 a prime number?
True
Is 2907280067 prime?
True
Is 15891515993 a composite number?
False
Is 37304574629 composite?
True
Is 739567523 prime?
True
Is 38703195151 prime?
False
Is 10454058269 prime?
False
Is 859595431 composite?
False
Is 669372623611 prime?
True
Is 1325027801 a composite number?
False
Is 2108330449 composite?
False
Is 1703110793 a prime number?
False
Is 1109709469 a prime number?
False
Is 8081586727 a composite number?
False
Is 217673191 a prime number?
True
Is 3105931747 a prime number?
False
Is 187619749 prime?
True
Is 1140594617 a composite number?
True
Is 402342121 a composite number?
True
Is 20332424341 a composite number?
False
Is 30270781291 composite?
False
Is 23453422151 prime?
True
Is 12614903867 a composite number?
True
Is 120350987 a composite number?
True
Is 429351121 composite?
False
Is 17335047887 a composite number?
False
Is 6430702783 prime?
True
Is 7271542171 prime?
True
Is 99357569 a composite number?
False
Is 560409767 composite?
False
Is 1841202217 a prime number?
False
Is 77123243189 a composite number?
False
Is 2315053213 prime?
False
Is 105839177839 prime?
False
Is 834350537 composite?
True
Is 4331652685 prime?
False
Is 414409467 prime?
False
Is 43251519965 prime?
False
Is 103249983869 composite?
False
Is 17289094457 a prime number?
False
Is 634221053 composite?
False
Is 152305211 composite?
False
Is 3631929881 composite?
False
Is 11197011113 prime?
False
Is 86879362991 a composite number?
True
Is 1547300251 a prime number?
False
Is 193157243 composite?
True
Is 22682630207 a prime number?
True
Is 8624641609 prime?
True
Is 129572921 composite?
True
Is 2740053221 a composite number?
False
Is 7584701303 composite?
False
Is 671323319 a prime number?
False
Is 21213295639 prime?
False
Is 198299939 a composite number?
False
Is 28451061481 prime?
True
Is 21938515889 a composite number?
True
Is 14727712487 prime?
False
Is 11844520607 prime?
True
Is 5855060909 composite?
False
Is 5100144629 composite?
True
Is 137598816703 prime?
True
Is 7047535129 prime?
False
Is 124792736701 a prime number?
False
Is 679833659 a prime number?
False
Is 80888654995 composite?
True
Is 512690459 composite?
False
Is 3072435767 a composite number?
False
Is 4386120373 a prime number?
True
Is 1048438231 a prime number?
True
Is 202741937 composite?
True
Is 97279899677 composite?
True
Is 154885994 a prime number?
False
Is 4661508953 a composite number?
True
Is 2176208407 prime?
True
Is 2214407449 composite?
False
Is 778638169 a composite number?
True
Is 933202201 a prime number?
True
Is 7868816639 composite?
True
Is 52099039 prime?
True
Is 19894166521 a prime number?
True
Is 47272196609 prime?
False
Is 57757465063 prime?
False
Is 74170265927 a composite number?
False
Is 1117699411 a composite number?
True
Is 5486962699 a prime number?
False
Is 550281133 a prime number?
False
Is 115805527 composite?
False
Is 673414363 prime?
False
Is 47859777409 composite?
True
Is 10696688857 a composite number?
False
Is 938595127 a composite number?
False
Is 15048499121 a prime number?
False
Is 21888750067 a prime number?
True
Is 188173115303 a prime number?
True
Is 107041586681 prime?
True
Is 79243497371 prime?
True
Is 255882413 a composite number?
False
Is 4970278273 a composite number?
True
Is 4650032861 composite?
False
Is 16381169491 a composite number?
True
Is 3674439761 composite?
False
Is 339529931 composite?
True
Is 1475790949 composite?
False
Is 12725837909 a composite number?
False
Is 1939762189 a prime number?
True
Is 534837211 prime?
False
Is 22897229359 composite?
True
Is 4781460349 prime?
False
Is 929764859 a prime number?
True
Is 144152479 composite?
False
Is 575187031 a composite number?
False
Is 76026610637 a prime number?
False
Is 7143492229 composite?
True
Is 18767575427 composite?
True
Is 1713360583 composite?
True
Is 54566144419 prime?
T